e units digit of m?
2
Let y = 2 - 0. Suppose k - 9 = -y*k. Suppose -u - 3*s + k = 0, -5*u - 3*s + 6 = -9. What is the units digit of u?
3
Suppose -23*f + 3130 + 3287 = 0. What is the tens digit of f?
7
What is the units digit of (-4)/(-6) - (-500)/15?
4
Let x = 65 - 45. What is the units digit of x?
0
Let j(g) = 3*g + 4*g + g + 0 + 2*g**2 - 1. What is the units digit of j(-6)?
3
Let h = 128 - 32. What is the units digit of h?
6
Suppose 8 + 2 = 2*x. Suppose -x*a + 2*a + 36 = 0. What is the tens digit of a?
1
Let a(q) = q**2 - q - 24. Let c be a(0). What is the units digit of 2/(-5) - c/10?
2
Let n(p) = -32*p - 8. What is the units digit of n(-2)?
6
Let q(j) = -j**2 - 4*j - 2. Let r be q(-7). Let l = r - -38. What is the units digit of l?
5
Let y(r) = 9*r + 12. What is the units digit of y(5)?
7
Suppose 0 = 5*o + 49 - 274. What is the tens digit of o?
4
Suppose 0*j + 2*j = 54. Let p = 38 - j. What is the units digit of p?
1
Let x(w) = 0*w + 3 - 1 + 0 - w. Let l(p) = -5*p**3 - p + 1. Let n be l(1). What is the units digit of x(n)?
7
Suppose 2*s - b = -28, 16 = -0*b + 4*b. Let h be (2/4)/((-1)/s). Suppose -m - 8 = -3*y - 6*m, y + 5*m - h = 0. What is the units digit of y?
1
Suppose 4*c = -5*c + 1503. What is the hundreds digit of c?
1
Suppose 0 = 2*a - 2*b - 128, 0*a + a = 3*b + 72. Let n be a/(-8)*2*1. Let t = n - -25. What is the tens digit of t?
1
Let r = 45 - 30. What is the tens digit of r?
1
Suppose -a + 4 = -0*a. Suppose 5*s - a*s = 4. What is the units digit of s?
4
Let g(m) = 0 - 2*m - 3 - 8*m. What is the units digit of g(-2)?
7
Let t = -5 - 3. Let g = 13 - t. What is the tens digit of g?
2
Let b(h) = 2*h - 6. Let g be b(7). Suppose 3*q - 56 = -2*q + 4*p, -5*q + 5*p = -60. Let c = g + q. What is the units digit of c?
6
Suppose -5*j - 99 = g + 7, -j - 30 = -2*g. Let n be (12/4)/((-6)/j). Suppose -4*i + n = -5. What is the units digit of i?
4
Let o = -5 - -3. What is the units digit of 5*(o + -1)/(-3)?
5
Let a = -22 + 52. Suppose -3*s + 2*b = -128, 3*b = -s + 9 + a. What is the units digit of s?
2
Suppose -3*d - 3*j = -99, 2*j + 3*j = 5*d - 135. What is the tens digit of d?
3
Let g(t) be the third derivative of -t**4/8 + t**3/6 - 3*t**2. Let v be (12/15)/((-3)/15). What is the tens digit of g(v)?
1
Suppose -6 = -2*a + k, 3 = -0*a - 5*a - 2*k. Let q be a/(-1 + (-8)/(-7)). Suppose 5*d + 20 = q*d. What is the tens digit of d?
1
Let m = -40 - -97. What is the units digit of m?
7
Suppose -4*u + 4 = -w - 3*u, -w - 4 = u. What is the units digit of (w/(-3))/((-5)/(-30))?
8
Suppose c - 2*d - 12 = d, -3*c + 2*d + 15 = 0. What is the units digit of c?
3
Suppose -2*w + 4*o = 67 - 511, 2*o = -2*w + 432. What is the tens digit of w?
1
Let t(b) = -b + 13. Let v be -1*2 + -8 + 4. What is the tens digit of t(v)?
1
Let x = 3 - -25. What is the tens digit of x?
2
Let y = 13 + -8. Suppose v - 3*x - 29 = -v, 3*v - 53 = -y*x. What is the units digit of v?
6
Let n(z) = z**3 + 6*z**2 - 10. Let s be n(-5). Let c be 1/(-3) + (-19)/(-3). Let b = s - c. What is the units digit of b?
9
Let y(w) = -w**3 + 5*w**2 + 4*w - 6. Let z be y(5). Let d = z - 21. Let i = -5 - d. What is the units digit of i?
2
Let k = -13 + 18. Suppose 3*x - 2*q - 34 = 0, 0*q + 5 = k*q. What is the tens digit of x?
1
Let r(j) = -8*j**3 + 1. Let t be r(1). Let f = 10 + t. Suppose f*h = h + 28. What is the tens digit of h?
1
Suppose -4 = 5*m + 6. Let k be -2 + 2/(1*m). Let x = k - -5. What is the units digit of x?
2
Let r(g) = 6*g**2 + 8*g + 9. What is the tens digit of r(-4)?
7
Let g be -3 - 2/((-8)/(-332)). Let m = -60 - g. What is the units digit of m?
6
Let n(k) = k - 8. Let h be n(8). Suppose 4*l - 10 - 2 = h. What is the units digit of l?
3
Suppose 12 = 2*y + 4. Suppose y*j + 4*s = 52, 14 = 3*j + 5*s - 19. What is the tens digit of j?
1
What is the units digit of (204/170)/(1 + (-43)/45)?
7
Let k(d) = 2*d**3 - 2*d**2 - d - 4. What is the tens digit of k(3)?
2
Suppose 0 = -4*r - 19 + 107. What is the tens digit of r?
2
Let r = 613 + -371. What is the hundreds digit of r?
2
What is the units digit of 50/(-3*8/(-12))?
5
Let a be 22/(0 - 0 - -2). Let h be 0 + a - (-5)/(-5). Suppose t + t = h. What is the units digit of t?
5
What is the tens digit of 44/(-5)*(-5)/1?
4
Let y(h) = -h - 8. Let v be y(-4). Let i(n) = -n**2 - 8*n - 2. Let x be i(v). Let d = 4 + x. What is the units digit of d?
8
Suppose 4*n + 0*n = 8. Suppose 35 = 5*s - 5*u, -5*s = n*u + 2*u + 10. Suppose 3*z + s*h - 15 = 0, -4*z = z - 3*h - 6. What is the units digit of z?
3
Let w(a) = a**3 + 8*a**2 - 14*a - 7. What is the tens digit of w(-9)?
3
Let z(b) = -3*b**2 + 18*b - 19. Let g(y) = 2*y**2 - 9*y + 10. Let h(q) = 7*g(q) + 4*z(q). What is the units digit of h(-7)?
9
Let f = -58 + 180. What is the units digit of f?
2
Let n(k) = k**2 - 2*k - 1. Let s be n(3). Suppose 3 = -3*t + 3*h, -s*h + 0*h + 1 = -3*t. What is the units digit of t?
1
Suppose -2*u = -2*y - 2, 2*y + 0 + 2 = -3*u. Suppose -3*k = -u*k - 3. What is the units digit of k?
1
Let i(p) = -p - p + p + 2. What is the units digit of i(-6)?
8
Let u = -13 - -24. Let r = 20 - u. What is the units digit of r?
9
Let j = -8 - -13. Suppose -j*v - 3*r + 180 = 0, 0 = -4*v + 4*r + 62 + 50. What is the units digit of v?
3
Let g(o) = -85*o + 8. What is the hundreds digit of g(-2)?
1
Suppose 2*y + 8 = -4*d, -3*d - 6 - 6 = 0. Suppose y*w - 39 = 3*n, 26 = 3*w + 5*n - 4*n. What is the units digit of w?
9
Suppose -2*q + 116 = -5*j, -j = 2*j + 6. What is the tens digit of q?
5
Suppose 5*m = -15, 3*y - 545 = -m - 197. Suppose -32 = 5*z - y. What is the units digit of z?
7
Let h = 74 - -66. What is the hundreds digit of h?
1
Let f(m) = -m**3 + 6*m**2 - 3*m - 1. Let n be 2/(-3)*15/(-2). Suppose n*j = w - 28 - 2, -4*j - 25 = -w. What is the units digit of f(w)?
9
Let q = 116 - 93. What is the units digit of q?
3
Let j = -3 - -12. Let z = -5 + j. Suppose z - 1 = f. What is the units digit of f?
3
Suppose -3*v = -5*v + 10. Suppose 6*u - u + v = 0. What is the units digit of (u - 0) + -1 - -4?
2
Let d(n) = 5*n**2 + 2*n - 5. What is the hundreds digit of d(-7)?
2
What is the tens digit of (-1)/((-12)/472*(-2)/(-6))?
1
Suppose -5*b + 340 = 2*p, -2*p - 150 = 4*b - 6*b. What is the units digit of b?
0
Let j be -2 + 4 + 3 - 1. Suppose j*o + 3*z - 12 = 0, 7*z + 6 = 2*o + 3*z. What is the units digit of o?
3
Let d(c) = 2*c - 9. Let h be d(6). Suppose 0 = s + h*s. Suppose -2 = -f - s. What is the units digit of f?
2
Let v(a) = 2*a + 1. Let q be v(-4). Let o be (-6)/(-21) + (-334)/q. Suppose 4*g - o = -0*g. What is the tens digit of g?
1
Suppose 0 = 3*x - 5*p - 85, 2*x - p + 4*p = 82. Let k = -3 + x. What is the tens digit of k?
3
Suppose 3*u - 7*u - 20 = 0. Let h(v) = -v - 2. What is the units digit of h(u)?
3
Let g(p) = -31*p + 10. Let r be g(7). What is the tens digit of 2/4 + r/(-6)?
3
Let s(v) = -v + 9. Let c be s(4). Suppose 0*l - l = -c. What is the units digit of l?
5
What is the tens digit of 6/8 + (-2356)/(-16)?
4
What is the units digit of 98/1 - (1 + -4)/(-3)?
7
Suppose -4*z - 11 + 31 = 0. Suppose -z = -b - 0. What is the units digit of b?
5
Suppose -3*g = 2*z - 58, -z + g - 4*g = -23. What is the units digit of z?
5
Let j(u) = u**3 + 4*u**2 - 5*u + 4. Let d be j(-5). Let y be (-9)/(2/d - -1). What is the units digit of 1/(0 - 1/y)?
6
Suppose 2*c - 518 = -0*n + 5*n, 0 = 3*c - 4*n - 784. What is the hundreds digit of c?
2
Let v be (7 + -8)/(2/(-132)). What is the tens digit of (v/9)/(3/9)?
2
Suppose 5*u + 10 = 0, -4*t = t + 3*u + 16. Let g = 26 - t. What is the tens digit of g?
2
Let b(g) = 5*g + 7. Let d(h) = -11*h - 15. Let i(t) = 13*b(t) + 6*d(t). Let v(z) = -z + 9. Let p(j) = 5*i(j) - v(j). What is the units digit of p(-4)?
2
Let n(h) = -h**2 + 15*h - 22. What is the units digit of n(10)?
8
Let a(y) = -y**2 - 3*y + 3. Suppose -1 = -x + 2. Suppose -6*g + g = 4*h + 15, 2*h - x = g. What is the units digit of a(g)?
3
Let p(c) be the second derivative of c**5/20 + 2*c**4/3 - 5*c**3/3 - 2*c**2 - 3*c. What is the units digit of p(-9)?
5
Suppose 7*z = 4*z - 3. What is the tens digit of z/(-1) + 3 + 30?
3
Let v be (-2 - 1) + (-60)/(-4). Let a = -8 + v. What is the units digit of a?
4
Let b be (1 - -1) + (-3 - -17). Suppose -p = 4*t - 4 - b, 0 = -2*p + 5*t + 40. What is the units digit of p?
0
Let